t is the remainder when y is divided by 34*(1/(-1))/(-2)?
12
Suppose -668*v + 670*v - 122 = 0. Calculate the remainder when v is divided by 22.
17
Suppose -2*d + 12 = -3*y, -3*d + 1 = -3*y - 20. What is the remainder when 1781 is divided by d?
8
Let u = -15496 + 16723. What is the remainder when u is divided by 95?
87
Suppose -m + 148 = 4*a, -256 = -4*m + 5*a + 273. What is the remainder when 533 is divided by m?
125
Suppose -44 = 4*n - 484. Suppose 35 = -5*q + n. Calculate the remainder when 179 is divided by q.
14
Let m = -1538 - -1600. Calculate the remainder when 141 is divided by m.
17
Let r be -7*(-6 + 793/(-7)). Suppose 11*l + 109 = r. Calculate the remainder when 142 is divided by l.
10
Suppose 33 = x + 2*x - 2*j, -55 = -5*x - 4*j. Suppose -x*y + 107 = -69. What is the remainder when 221 is divided by y?
13
Let b(c) = 4*c - 54. Calculate the remainder when 296 is divided by b(34).
50
Suppose u + 9 = 35. What is the remainder when 20/(-5) - 8*-23 is divided by u?
24
Let p(s) = -s**3 + 9*s**2 + 7*s + 55. Let l(q) = q**2 - 9*q - 46. Calculate the remainder when l(15) is divided by p(10).
19
Suppose 11*z - 966 = -10*z. Calculate the remainder when 69 is divided by 3 + 2 - z/(-2).
13
Let w = -111 - -101. Calculate the remainder when 224 is divided by 875/15 + w/30.
50
Suppose 4*s = 5864 - 400. Calculate the remainder when s is divided by 114.
112
Suppose 2*d + 5*v - 921 = -d, -3*d = -4*v - 867. Calculate the remainder when d is divided by 6.
3
Suppose -2*x + 335 = -105. What is the remainder when x is divided by 6?
4
Let g(c) be the second derivative of 11*c**3/6 + 124*c**2 + 3*c + 7. Calculate the remainder when 422 is divided by g(-17).
56
Suppose -11*u - 28*u = -124*u + 13005. Calculate the remainder when 464 is divided by u.
5
Suppose -4*p = 4*y + 1084, -4*y - 1080 = -6*p + 9*p. Let g = y + 617. What is the remainder when g is divided by 39?
38
Suppose 7*y - 4*y = s + 631, 5*y = -2*s + 1059. Let o = -207 + y. What is the remainder when o is divided by 2?
0
Let w(g) = 85*g - 17. Let m be w(-2). Let p = 227 + m. What is the remainder when p is divided by 7?
5
Suppose -a + 19 = 16. Suppose -a*x = x - 16. Suppose 0 = -5*d + v - 3*v + 22, x*d + 3*v = 12. Calculate the remainder when d is divided by 5.
1
Let z = -14816 + 14856. What is the remainder when 425 is divided by z?
25
Suppose 2*k + 3*f - 7 = 14, -k + f = 2. Suppose 184 = k*c + 5*v, -5*c = -2*v - 390 + 73. What is the remainder when c is divided by 22?
19
Let r(c) = -137*c - 2392. Calculate the remainder when 626 is divided by r(-19).
204
What is the remainder when 145 is divided by (-2)/6 + 64/12 - -20?
20
Suppose -2*s = 3*h - 785 + 167, -2*h + 620 = 2*s. Let p be 1/3 - (3 - s/9). Suppose -3*c + p = c. Calculate the remainder when 31 is divided by c.
7
Let g(x) = 10*x - 54. Let n be g(12). Suppose 0*r = -2*r - b + 27, 3*b = -5*r + n. Calculate the remainder when 38 is divided by r.
8
Suppose -1582 - 6925 = -181*b. Calculate the remainder when 16540 is divided by b.
43
Let u be 6284/5 + 3/105*7. Suppose -12*l = -4965 + u. Calculate the remainder when l is divided by 62.
61
Let c(q) = 2*q**2 + 56*q - 13. Let u be c(-35). Let j = u - 451. Calculate the remainder when 75 is divided by j.
23
Let y = 1771 - 1707. Let q(a) = -a**2 - a + 8. Let t(m) = -m**2 + 7. Let s(b) = 5*q(b) - 6*t(b). Calculate the remainder when y is divided by s(-3).
20
Let s(k) = -k**3 - 18*k**2 - 16*k + 52. What is the remainder when 23/138 + (-821)/(-6) is divided by s(-17)?
32
Suppose 55 = 7*o + 13. What is the remainder when 69 is divided by (o/(-12))/(6/(-84))?
6
Let g be (-52)/208 - ((-494)/(-8) + -1). Let z = 90 + g. Let i = -17 + z. What is the remainder when 46 is divided by i?
10
Suppose -3*j + 76 = -2*h + 4, -2*j - 4*h = -48. What is the remainder when 26 is divided by j?
2
Suppose 0 = -4*t + 4, 4*g + 5*t + 989 - 1714 = 0. What is the remainder when 662 is divided by g?
122
Let x = -4867 - -5561. Calculate the remainder when x is divided by 214.
52
What is the remainder when 1474 is divided by -21 + 23/((-230)/(-1300))?
57
Let b(j) = -2*j**3 - 5*j**2 + 2*j + 12. Let q = -548 - -545. What is the remainder when 73 is divided by b(q)?
13
Suppose -52*n + 13184 = 76*n. Calculate the remainder when 163 is divided by n.
60
Suppose -64*y + 22*y = -7560. What is the remainder when 1077 is divided by y?
177
Suppose 14843 = 4*a + 9863. Calculate the remainder when a is divided by 175.
20
Let d be (-4 - (-187)/44)/((-2)/568)*-1. Let j be ((-1 - 1) + 2)/(-1). Suppose -4*f = g - f - d, j = -g - f + 67. What is the remainder when g is divided by 11?
10
Calculate the remainder when -322*((-49)/245)/((-4)/(-10)) is divided by 54.
53
Let b(q) = -2*q**2 + 356*q + 2996. What is the remainder when 715 is divided by b(-8)?
15
Let x = 379 - 376. Suppose 0 = x*t - 9*v + 6*v - 60, -5*t + 103 = -2*v. Calculate the remainder when t is divided by 6.
3
Let o(k) = 35*k**3 + k**2 - k. Let a be o(1). Let r = a + -8. What is the remainder when r is divided by 9 - (0 - 10/(-50))*-5?
7
Suppose -5*p = 7*v - 4*v - 2507, -2*v - p + 1662 = 0. Calculate the remainder when v is divided by 38.
31
Let t = 17 + -14. Suppose 337 = t*o - 35. Suppose -102 = -4*p + 26. What is the remainder when o is divided by p?
28
Suppose -q = 86*d - 1128, -21*q = -3*d - 24*q + 69. What is the remainder when (0 + 37)*(-1 - -2) is divided by d?
11
Let h = -4937 - -5363. Calculate the remainder when h is divided by 46.
12
Suppose 121 - 117 = 4*g. What is the remainder when g + -4 + 31 + -1 is divided by 9?
0
Let d = -40 + 43. Suppose d*o - 23 = 79. Calculate the remainder when 878/14 + 4 + 2/7 is divided by o.
33
Let n = -405 - -287. Let z = 150 + n. Calculate the remainder when z is divided by 16.
0
Suppose -11*u + 8*u - 39 = 0. Calculate the remainder when (u/4)/((-6)/264) is divided by ((-3)/((-9)/(-4)))/((-80)/2940).
45
Let v = -48246 + 48251. Suppose -22 = -2*d - 7*y + 2*y, 4*y = 3*d + 13. Calculate the remainder when v is divided by d.
0
Let o(x) = x**3 + 78*x**2 - 2*x - 140. Let i = 0 + 47. Calculate the remainder when i is divided by o(-78).
15
Calculate the remainder when 493 is divided by (-2 - (1 - (-440)/(-33)))*6.
59
Let q(k) = -20*k - 270. Suppose -16*h + 4 = 260. Calculate the remainder when 192 is divided by q(h).
42
Let p = -45530 + 45539. Calculate the remainder when 8017 is divided by p.
7
Let n be (4/3 + (-4)/(-6))*-4. Let c(r) = r**2 + 10*r + 25. Suppose -2*j + 2*m - 20 = -4*j, 4*j = -3*m + 35. What is the remainder when c(n) is divided by j?
4
Suppose 0 = -5*w + 13 - 8. What is the remainder when -5 + (-46)/(w - 3) is divided by 4?
2
Let y = -3 - -8. Let r(z) = 8 - 1868*z + 5628*z - 1875*z - 1871*z. What is the remainder when r(y) is divided by 20?
18
Let x(v) = 3*v**2 - 7*v - 11. Let c be (-46)/(-4) - 14/(-28). Suppose -7*d = -5*d - c. What is the remainder when 160 is divided by x(d)?
50
Let m(c) = 63*c**2 + 47*c + 78. Calculate the remainder when m(5) is divided by 135.
133
Let c(b) = 43*b**2 + 1. Let o = 2 + -1. Suppose -15*v - 109 + 289 = 0. What is the remainder when c(o) is divided by v?
8
Let p = -520 + 533. Calculate the remainder when 2/p - 59250/(-195) is divided by 51.
49
Let m(z) = -24*z**3 - 2*z**2 - z. Let f(w) = w - 6*w + 9*w + 2*w**2 - 2*w**3 + 8 - 2*w. Calculate the remainder when m(-1) is divided by f(0).
7
Let k = 45 + -19. Let q = 112 - 111. Calculate the remainder when 2 - -74 - (q + 0) is divided by k.
23
Let f = 696 + -693. Suppose -5*w + 5*t - 13 + 333 = 0, -f*w + 187 = -4*t. Let r(o) = o**3 + 6*o**2 - o + 8. What is the remainder when w is divided by r(-6)?
13
Let c = -10286 + 10296. What is the remainder when 112 is divided by c?
2
Let s(i) = i**2 - 7*i + 14. Let c(z) = 3*z - 19. Let o be c(8). Let f = -7 - -17. What is the remainder when f is divided by s(o)?
2
Suppose 0 = -2*b + 5*q + 92, 4*b - 383 = 4*q - 175. What is the remainder when 83 is divided by b?
27
Let a = 5234 - 5135. What is the remainder when 197 is divided by a?
98
Let l = -84 + 112. Let d(i) = -i**3 - 13*i**2 + 8. Let r be (-1)/((-2)/((-78)/3)). What is the remainder when l is divided by d(r)?
4
Let d = -36074 - -36107. Let y = 15 + 63. Let h = y - -18. Calculate the remainder when h is divided by d.
30
Let x(f) = -89*f + 2062. Let l(r) = 4*r + 5